n(23)?
2, 73, 97
Suppose 17*j - 3*w = 19*j - 392, -5*j + 999 = -2*w. Suppose -38 = 7*x - j. What are the prime factors of x?
23
Let r be -2 - 5/(5/(-4)). List the prime factors of ((-28)/(-49))/(1020/(-511) + r).
2, 73
Let r be -7*12230*2 + (-6 - -1). List the prime factors of (8/(-6))/(150/r).
2, 761
Let u = -555 - -558. Suppose -2478 = -2*i - 4*q, -25*i + u*q + 2499 = -23*i. What are the prime factors of i?
3, 5, 83
Suppose -615 = -3*t - 2*x, 7 + 2 = 3*x. Suppose 1007 = 11*o - t. Let z = -74 + o. What are the prime factors of z?
2, 3
Let o(h) = h**3 - 41*h**2 - 21*h + 5. Let c = 334 + -292. What are the prime factors of o(c)?
887
Suppose -163*m = -150*m - 65. Suppose 5*q + 2*p - 3860 = -3*p, m*p + 3820 = 5*q. List the prime factors of q.
2, 3
Suppose 3*p - 5*m = 41429, 2*m + 46849 = 6*p - 36001. List the prime factors of p.
2, 863
Let f be (-2 + -3)/(4/(-15))*-4. Let g = f + 78. What are the prime factors of 5*g/10*66 - 1?
2, 7
Let f = 567 - 182. Suppose 22*m - 15*m = f. What are the prime factors of m?
5, 11
Let j(r) = r**3 + 16*r**2 - 12*r - 18. Let k be j(-14). Let q = k + -317. List the prime factors of q.
3, 5
Suppose 119*j = 14*j + 1905960. List the prime factors of j.
2, 2269
Let h(q) = q**2 + 18*q + 2. Suppose -68*t = -71*t - 54. Let y be h(t). Suppose 4*f - 348 = -y*k + 6*f, f + 353 = 2*k. List the prime factors of k.
179
Let k(o) be the second derivative of 13*o**3/2 - 19*o**2 - 59*o. What are the prime factors of k(15)?
547
Suppose -2*i = -6*q + 3*q - 9, -3*i - 2*q = -7. Let t = 224 - i. Suppose 5*m - t = -3*f, f - 2*f - 3 = 0. List the prime factors of m.
2, 23
Let v = 332 - 935. Let a = v + 891. What are the prime factors of a?
2, 3
Suppose 39*d = -10972 - 18941. Let n = 1848 + d. List the prime factors of n.
23, 47
Suppose -2*q - 3*q - 128 = -2*d, 2*d = q + 128. Suppose -11*j + d = 9. Suppose j*g - 2500 = -5*g. What are the prime factors of g?
2, 5
Suppose i + 0*c = 4*c + 14, 7 = 5*i + c. Let v be ((-9)/(27/2))/((-2)/12). Suppose 2*d + 110 = 4*u, -v*u - i*d + 0*d = -130. What are the prime factors of u?
2, 3, 5
Let w = 8277 + -2100. What are the prime factors of w?
3, 29, 71
Suppose -4*g + 30 = 2*g. Suppose g*i + 4*n - 29 = 0, 0*i + 26 = 5*i + n. Suppose 0 = 3*y - i*y + 202. What are the prime factors of y?
101
Let n(q) = q**3 + 4*q**2 - 3*q - 10. Let u be n(-4). Suppose -5*g - 2*k = u*k - 29, -2*g = -5*k - 38. What are the prime factors of 22/6 + -3 - (-723)/g?
3
Let s = 204 + -216. Let c(o) = -o**3 - 9*o**2 + 18*o - 11. List the prime factors of c(s).
5, 41
Suppose 3*u - 3*j - 2540 - 490 = 0, -u + 4*j = -1025. Let s = u - 367. List the prime factors of s.
2, 11, 29
Let v = 8085 - 3836. What are the prime factors of v?
7, 607
Let n(y) = 30 + 73*y**2 - 36*y**2 - 36*y**2 + 7*y. Let f be n(-5). What are the prime factors of (24/32)/((-1)/(-2))*f?
2, 3, 5
Suppose -3*c + 2*c = -4*f - 304, -65 = f - 3*c. Let k = 80 + f. Suppose k*o = 147 + 246. What are the prime factors of o?
131
Suppose 8*s = 34*s + 9022. Let l = s - -1169. What are the prime factors of l?
2, 3, 137
Suppose 0 = 2*c + c - 4*a - 13454, 22429 = 5*c - a. List the prime factors of c.
2, 2243
Suppose 11 = -3*u + u - z, 0 = 3*u - 5*z - 3. Let h be 0/(-3 + 0 + (-2 - u)). Suppose 3*v = 3*m - 297, 3*m + h*v + 5*v - 321 = 0. List the prime factors of m.
2, 3, 17
Suppose 3*b - 17903 = -2*y, 4*b = 6*b + 6. What are the prime factors of y?
2, 2239
Suppose -l + 3 = 2*h - 0, h - 3*l = 19. Suppose 4*n - 1444 = -h*a, 5*a - 2*n = 3*a + 714. List the prime factors of a.
359
Let s be (-1 - (-56)/2)*(-6 - -5). Let p be (-9)/(-2)*(-36)/s. Let i(h) = h**3 - h**2 - 2*h + 8. What are the prime factors of i(p)?
2, 11
Let l(n) = 5614*n**3 + 41*n - 42. List the prime factors of l(1).
3, 1871
Let c(w) = 29*w**2 - 156*w + 259. What are the prime factors of c(-40)?
3, 7, 11, 229
Let j be (24/14)/((-26)/182). Let w be (6 - 3)/(j/(-80)). Let n = 91 - w. What are the prime factors of n?
71
Let r = 111 - 109. Let k(h) = 2*h**3 + 2*h**2 - 3 - 4*h + 11*h**r - 7*h**2. What are the prime factors of k(3)?
3, 31
Let m = 1671 - -799. Suppose 2*r + m = 4*y, 3*y + 3*r = -0*r + 1866. List the prime factors of y.
619
Let u be -6*-227*((-52)/(-24) - 2). Let c = 194 + u. List the prime factors of c.
421
Let h(s) = -7*s**3 + 7*s**2 - 4*s. Let y be h(-4). Let k = y - -214. What are the prime factors of k?
2, 5, 79
Let o(m) = -m**2 - 9*m - 2. Let u be o(-9). Let j(z) = 20*z**2 - 18*z**2 + 3*z**3 + 1 - z - 9*z**3. What are the prime factors of j(u)?
59
Suppose 44*p - 6920 - 18055 = 19*p. What are the prime factors of p?
3, 37
Let a(f) be the second derivative of f**4/12 + f**3/2 - f**2 - 16*f. Let d be a(-3). List the prime factors of 15/30 + (-173)/d.
3, 29
Let i(a) = 114*a + 76. Let z be i(10). Let d = z + -221. What are the prime factors of d?
5, 199
Let s = 11466 - -16498. What are the prime factors of s?
2, 6991
Suppose -20*p = -48037 - 1041003. List the prime factors of p.
2, 13613
Let v(k) be the first derivative of -8*k**3/3 + 39*k**2 - 5*k + 51. What are the prime factors of v(5)?
5, 37
Suppose 2*j = -3*s + 8776, 4*j + 2958 = -38*s + 39*s. What are the prime factors of s?
2, 5, 293
Let m(f) = 24*f - 216. Let c be m(10). Suppose -4*n + 1445 = -3*h, c*h - 20*h + 1805 = 5*n. What are the prime factors of n?
5, 73
Let t be 113*(-4 - 36/(-5 - -2)). Suppose 0 = c - t - 884. What are the prime factors of c?
2, 3, 149
Let p = 5 - -21. Let l = p + -24. Suppose -5*k + k - 3*x = -421, -4*k = l*x - 422. What are the prime factors of k?
2, 53
Suppose 4*v + 3*y = -1, -2*y = -6*y + 4. Let a(i) be the second derivative of 20*i**4/3 + i**2/2 + 2*i - 45. What are the prime factors of a(v)?
3
Suppose 0*w = -w - 259. Let j be w/(-49) - (-2)/(-7). Suppose 0 = -j*z - a + 395, 5*z - 105 = a + 300. List the prime factors of z.
2, 5
Suppose -3*s = 2*j + 374, -432 - 130 = 3*j + 4*s. Let d = 481 + j. Let q = d + -204. List the prime factors of q.
3, 29
Suppose -540*n = -2*p - 539*n + 81520, 0 = p + 5*n - 40760. List the prime factors of p.
2, 5, 1019
Suppose 4*t - 7*x - 40512 = 0, -2*t + 243*x = 244*x - 20256. What are the prime factors of t?
2, 3, 211
Let f(n) = n**3 + 17*n**2 + 27*n + 28. Let g be f(-16). Let s = 314 + g. What are the prime factors of s?
2, 83
Let y = -172386 - -242443. What are the prime factors of y?
13, 17, 317
Let z = -8690 + 4310. What are the prime factors of 28/(-154) + z/(-11)?
2, 199
Let t(i) = -18*i**3 - 13*i**2 - 16*i + 110. List the prime factors of t(-8).
2, 3, 479
Let c = 23 - 94. Let y = c - -58. Let r = 53 - y. List the prime factors of r.
2, 3, 11
Suppose -12*h = -13*h - 78. Let o = 639 + h. What are the prime factors of o?
3, 11, 17
Suppose -145 = 4*p + 35. Let d = -39 - p. Suppose 3*v = d*v - 153. List the prime factors of v.
3, 17
Let p = 17 - 15. List the prime factors of ((30 - 0)/p)/((-7)/(-63)).
3, 5
Let u = -15 - -22. Let k be (8/(-14))/((-1)/u). Suppose -k*c - 3*c = -49. What are the prime factors of c?
7
Suppose 135824 + 102468 = 7*z + 37497. What are the prime factors of z?
5, 5737
Let j(b) = -b**3 - 3 + 4*b**3 - 2*b**3. Let p be j(-2). Let l = p + 52. List the prime factors of l.
41
Suppose -2*k - 790 = 3*k. Let x be 1 - ((2/(-1) - -261) + 0). Let m = k - x. List the prime factors of m.
2, 5
Suppose -7 = -c - 3*i, -c = 4*i + 2 - 10. Let o be (723/(-6) - c)*-2. Let n = o - 125. What are the prime factors of n?
2, 31
Let n(j) = -3*j**3 - 150*j**2 - 54*j + 61. What are the prime factors of n(-50)?
11, 251
Let w = 308 + -306. Suppose -a + 0*h + 122 = w*h, -5*a + 610 = h. List the prime factors of a.
2, 61
Let t be (-2)/2 + (9 - 11) + 5. Suppose 0 = -x + 6 - 5. What are the prime factors of (t - (1 + x)) + -2 - -125?
3, 41
Suppose 0 = 12*t - 22*t. Suppose -2*k + 4*d + 2634 = t, 2*d - 25 = 7*d. What are the prime factors of k?
1307
Let v(t) = 71*t**3 - 27*t**2 + 48*t - 62. List the prime factors of v(10).
2, 3, 13, 881
Let q(g) be the second derivative of 5*g**4/4 - g**3/6 + 15*g**2/2 + 2*g - 2. What are the prime factors of q(-4)?
7, 37
Let f be 15/(-2 - (0 - 1)). Let p = f + 53. Suppose -j = -p - 1. List the prime factors of j.
3, 13
Let c = -10 + 15. Suppose 2*t + 4*p + 24 = 0, c*t = 3*p - 12 - 9. List the prime factors of (51/t)/(1/(-4)).
2, 17
Let z(p) be the first derivative of 4*p